{"id":1048,"date":"2025-01-01T09:00:23","date_gmt":"2025-01-01T08:00:23","guid":{"rendered":"https:\/\/www.kipuka.fr\/site\/?post_type=product&#038;p=1048"},"modified":"2025-07-08T11:46:44","modified_gmt":"2025-07-08T09:46:44","slug":"pack-kipuka-2023-numerique","status":"publish","type":"product","link":"https:\/\/www.kipuka.fr\/site\/produit\/pack-kipuka-2023-numerique\/","title":{"rendered":"Pack k\u012bpuka 2023 (num\u00e9rique)"},"content":{"rendered":"<p>Ce pack comprend les quatre num\u00e9ros de <strong>k\u012bpuka<\/strong> parus en 2023, en version num\u00e9rique (fichiers pdf).<\/p>\n<p>Au sommaire de <a href=\"https:\/\/www.kipuka.fr\/site\/produit\/kipuka-1-numerique\/\">k\u012bpuka #1<\/a> :<br \/>\n\u2013 L&rsquo;actualit\u00e9 \u00e9ruptive et scientifique de l&rsquo;hiver<br \/>\n\u2013 L\u2019\u00e9ruption : K\u012blauea, 2018<br \/>\n\u2013 Lutter contre la lave : c\u2019est possible !<br \/>\n\u2013 Les missionnaires espagnols qui avaient 50 ans d\u2019avance<br \/>\n\u2013 <em>Cotopaxi<\/em>, de Frederic Edwin Church<br \/>\n\u2013 L\u2019oiseau qui pond sous la cendre volcanique<br \/>\n\u2013 <a href=\"https:\/\/www.kipuka.fr\/site\/pourquoi-les-volcans-sont-ils-plus-grands-sur-mars\/\">Pourquoi les volcans sont-ils plus grands sur Mars ?<\/a><\/p>\n<p>Au sommaire de <a href=\"https:\/\/www.kipuka.fr\/site\/produit\/kipuka-2-numerique\/\">k\u012bpuka #2<\/a> :<br \/>\n\u2013 L&rsquo;actualit\u00e9 \u00e9ruptive et scientifique du printemps<br \/>\n\u2013 La cuisine g\u00e9othermale<br \/>\n\u2013 Dossier : les <em>k\u012bpukas<\/em><br \/>\n\u2013 <a href=\"https:\/\/www.kipuka.fr\/site\/volcanisme-et-christianisation-de-lislande\/\">Volcanisme et christianisation de l\u2019Islande<\/a><br \/>\n\u2013 L\u2019\u00e9ruption du mont Mazama, par Paul Clark Rockwood<br \/>\n\u2013 Coul\u00e9es de lave et biodiversit\u00e9 au Piton de la Fournaise<br \/>\n\u2013 Pourquoi n\u2019y a t\u2019il pas de volcans dans certaines r\u00e9gions des Andes ?<\/p>\n<p>Au sommaire de <a href=\"https:\/\/www.kipuka.fr\/site\/produit\/kipuka-3-numerique\/\">k\u012bpuka #3<\/a> :<br \/>\n\u2013 L&rsquo;actualit\u00e9 \u00e9ruptive et scientifique de l&rsquo;\u00e9t\u00e9<br \/>\n\u2013 La myst\u00e9rieuse \u00e9ruption de Tor Zawar<br \/>\n\u2013 Dossier : interactions volcans\u2013climat<br \/>\n\u2013 <a href=\"https:\/\/www.kipuka.fr\/site\/la-decouverte-des-avalanches-de-debris\/\">La d\u00e9couverte des avalanches de d\u00e9bris<\/a><br \/>\n\u2013 Des oasis dans les abysses<br \/>\n\u2013 Pourquoi y a-t-il des volcans sur Terre ?<\/p>\n<p>Au sommaire de <a href=\"https:\/\/www.kipuka.fr\/site\/produit\/kipuka-4-numerique\/\">k\u012bpuka #4<\/a> :<br \/>\n\u2013 L&rsquo;actualit\u00e9 \u00e9ruptive et scientifique de l&rsquo;automne<br \/>\n\u2013 Les meules volcaniques<br \/>\n\u2013 Au c\u0153ur des tunnels de lave : g\u00e9ologie, \u00e9cologie, arch\u00e9ologie<br \/>\n\u2013 Les A\u00e7ores, ou l\u2019Auvergne au milieu de l\u2019Atlantique<br \/>\n\u2013 <a href=\"https:\/\/www.kipuka.fr\/site\/white-terraces-de-charles-blomfield\/\">White Terraces, de Charles Blomfield<\/a><br \/>\n\u2013 <a href=\"https:\/\/www.kipuka.fr\/site\/frodo-a-t-il-vraiment-pu-echapper-a-leruption-du-mont-destin\/\">Frodo a-t-il pu survivre \u00e0 l\u2019\u00e9ruption du Mont Destin ?<\/a><\/p>\n","protected":false},"excerpt":{"rendered":"<p>Pack comprenant les num\u00e9ros 1 \u00e0 4 de <strong>k\u012bpuka<\/strong>, parus en 2023, en version num\u00e9rique (4 fichiers pdf).<\/p>\n","protected":false},"featured_media":969,"template":"","meta":[],"product_brand":[],"product_cat":[38,21],"product_tag":[],"class_list":{"0":"post-1048","1":"product","2":"type-product","3":"status-publish","4":"has-post-thumbnail","6":"product_cat-numerique","7":"product_cat-revues","9":"first","10":"instock","11":"sale","12":"downloadable","13":"virtual","14":"purchasable","15":"product-type-simple"},"_links":{"self":[{"href":"https:\/\/www.kipuka.fr\/site\/wp-json\/wp\/v2\/product\/1048","targetHints":{"allow":["GET"]}}],"collection":[{"href":"https:\/\/www.kipuka.fr\/site\/wp-json\/wp\/v2\/product"}],"about":[{"href":"https:\/\/www.kipuka.fr\/site\/wp-json\/wp\/v2\/types\/product"}],"wp:featuredmedia":[{"embeddable":true,"href":"https:\/\/www.kipuka.fr\/site\/wp-json\/wp\/v2\/media\/969"}],"wp:attachment":[{"href":"https:\/\/www.kipuka.fr\/site\/wp-json\/wp\/v2\/media?parent=1048"}],"wp:term":[{"taxonomy":"product_brand","embeddable":true,"href":"https:\/\/www.kipuka.fr\/site\/wp-json\/wp\/v2\/product_brand?post=1048"},{"taxonomy":"product_cat","embeddable":true,"href":"https:\/\/www.kipuka.fr\/site\/wp-json\/wp\/v2\/product_cat?post=1048"},{"taxonomy":"product_tag","embeddable":true,"href":"https:\/\/www.kipuka.fr\/site\/wp-json\/wp\/v2\/product_tag?post=1048"}],"curies":[{"name":"wp","href":"https:\/\/api.w.org\/{rel}","templated":true}]}}